ns digit of 166155433?
6
What is the ten millions digit of 1647976318?
4
What is the ten millions digit of 133099142?
3
What is the ten millions digit of 30958258?
3
What is the ten thousands digit of 2070766255?
6
What is the ten thousands digit of 74893830?
9
What is the millions digit of 6729045?
6
What is the units digit of 116487213?
3
What is the ten thousands digit of 26270312?
7
What is the hundred thousands digit of 51960392?
9
What is the ten millions digit of 1155846908?
5
What is the tens digit of 296097764?
6
What is the ten millions digit of 1089746268?
8
What is the units digit of 3654864?
4
What is the millions digit of 21385201?
1
What is the hundred thousands digit of 29363082?
3
What is the hundred millions digit of 2364898524?
3
What is the thousands digit of 157799347?
9
What is the ten thousands digit of 6576167318?
6
What is the units digit of 90661993?
3
What is the units digit of 5512877980?
0
What is the units digit of 176293858?
8
What is the ten millions digit of 85194212?
8
What is the ten thousands digit of 28019253?
1
What is the hundreds digit of 253051792?
7
What is the ten millions digit of 660284194?
6
What is the ten millions digit of 124797493?
2
What is the thousands digit of 6682679869?
9
What is the ten millions digit of 99836468?
9
What is the units digit of 76407431?
1
What is the millions digit of 627509916?
7
What is the tens digit of 11115881?
8
What is the hundred thousands digit of 1769091608?
0
What is the hundred thousands digit of 1195027263?
0
What is the ten millions digit of 301581306?
0
What is the units digit of 468473687?
7
What is the ten millions digit of 1631595657?
3
What is the hundred thousands digit of 34012531?
0
What is the hundred thousands digit of 217895047?
8
What is the hundred millions digit of 720396176?
7
What is the tens digit of 59798451?
5
What is the hundred thousands digit of 83716787?
7
What is the hundred millions digit of 535564222?
5
What is the units digit of 120458204?
4
What is the units digit of 47785298?
8
What is the thousands digit of 84941562?
1
What is the hundreds digit of 700157247?
2
What is the millions digit of 126112098?
6
What is the millions digit of 42002222?
2
What is the ten thousands digit of 21078497?
7
What is the hundred thousands digit of 130768337?
7
What is the thousands digit of 7629824692?
4
What is the thousands digit of 2969836469?
6
What is the tens digit of 23526516?
1
What is the hundred millions digit of 147077301?
1
What is the tens digit of 4842749791?
9
What is the ten thousands digit of 108057527?
5
What is the hundred millions digit of 1958155348?
9
What is the millions digit of 119428176?
9
What is the units digit of 2021234695?
5
What is the hundred thousands digit of 22964017?
9
What is the hundred thousands digit of 3799478?
7
What is the ten millions digit of 576313768?
7
What is the millions digit of 317973855?
7
What is the hundred millions digit of 197253223?
1
What is the ten millions digit of 843936957?
4
What is the ten thousands digit of 802735677?
3
What is the ten thousands digit of 119604510?
0
What is the millions digit of 440534261?
0
What is the tens digit of 1028887870?
7
What is the units digit of 7195044?
4
What is the thousands digit of 4685702?
5
What is the tens digit of 290484553?
5
What is the hundred thousands digit of 2734918575?
9
What is the ten thousands digit of 433102575?
0
What is the thousands digit of 76825703?
5
What is the ten millions digit of 251783572?
5
What is the tens digit of 81757289?
8
What is the ten millions digit of 125746246?
2
What is the thousands digit of 37863046?
3
What is the thousands digit of 1787584631?
4
What is the tens digit of 618375681?
8
What is the thousands digit of 318134821?
4
What is the billions digit of 6344941665?
6
What is the thousands digit of 89843281?
3
What is the ten thousands digit of 4067165?
6
What is the hundreds digit of 238986541?
5
What is the hundred thousands digit of 3735692181?
6
What is the tens digit of 170152631?
3
What is the hundred thousands digit of 1126282997?
2
What is the units digit of 2199387221?
1
What is the hundred thousands digit of 239720845?
7
What is the millions digit of 6680210126?
0
What is the thousands digit of 65481537?
1
What is the hundred millions digit of 1613637847?
6
What is the thousands digit of 230931221?
1
What is the units digit of 3760173?
3
What is the hundreds digit of 57429586?
5
What is the billions digit of 5719074001?
5
What is the tens digit of 163239586?
8
What is the ten millions digit of 33149755?
3
What is the ten thousands digit of 102409864?
0
What is the millions digit of 47353825?
7
What is the hundred thousands digit of 44552623?
5
What is the ten thousands digit of 837463616?
6
What is the hundred millions digit of 2053661726?
0
What is the hundred thousands digit of 31354146?
3
What is the ten millions digit of 634712967?
3
What is the ten thousands digit of 14671020?
7
What is the billions digit of 4336520198?
4
What is the ten thousands digit of 164301697?
0
What is the thousands digit of 42455761?
5
What is the hundred thousands digit of 47332668?
3
What is the tens digit of 72799092?
9
What is the hundred thousands digit of 94444887?
4
What is the thousands digit of 791053495?
3
What is the units digit of 149433870?
0
What is the hundred thousands digit of 12155346?
1
What is the hundred thousands digit of 18616396?
6
What is the ten millions digit of 46163400?
4
What is the tens digit of 7444459294?
9
What is the units digit of 24445768?
8
What is the hundreds digit of 43898043?
0
What is the tens digit of 241434308?
0
What is the millions digit of 167865468?
7
What is the millions digit of 1547765337?
7
What is the hundreds digit of 74659198?
1
What is the tens digit of 119037747?
4
What is the hundreds digit of 180872184?
1
What is the tens digit of 2580957519?
1
What is the ten thousands digit of 2409119710?
1
What is the ten thousands digit of 155491257?
9
What is the ten thousands digit of 858660828?
6
What is the hundred millions digit of 250677307?
2
What is the hundred millions digit of 232722432?
2
What is the hundred thousands digit of 10129817?
1
What is the ten thousands digit of 2943232667?
3
What is the units digit of 814775660?
0
What is the hundred thousands digit of 345717080?
7
What is the thousands digit of 36313976?
3
What is the hundred millions digit of 196663289?
1
What is the hundreds digit of 17251833?
8
What is the ten millions digit of 381125750?
8
What is the thousands digit of 282841493?
1
What is the hundred millions digit of 586543810?
5
What is the hundreds digit of 25848095?
0
What is the hundred thousands digit of 550920123?
9
What is the millions digit of 22256183?
2
What is the ten millions digit of 75031476?
7
What is the ten millions digit of 30579654?
3
What is the hundred thousands digit of 71107945?
1
What is the hundreds digit of 123449905?
9
What is the hundred millions digit of 100800517?
1
What is the hundred thousands digit of 64682819?
6
What is the ten thousands digit of 115666705?
6
What is the hundreds digit of 1235502987?
9
What is the tens digit of 78826177?
7
What is the hundred thousands digit of 322763883?
7
What is the hundred millions digit of 2288503373?
2
What is the tens digit of 2927316107?
0
What is the hundreds digit of 364266495?
4
What is the hundreds digit of 1583338389?
3
What is the hundreds digit of 4245283884?
8
What is the hundreds digit of 351135519?
5
What is the units digit of 1009189554?
4
What is the ten thousands digit of 393347276?
4
What is the hundreds digit of 5448472931?
9
What is the tens digit of 734907343?
4
What is the millions digit of 94039664?
4
What is the hundreds digit of 5003376195?
1
What is the hundred thousands digit of 58528403?
5
What is the hundred millions digit of 4932310286?
9
What is the hundreds digit of 3890537420?
4
What is the hundreds digit of 57758431?
4
What is the tens digit of 886715366?
6
What is the thousands digit of 77792569?
2
What is the hundreds digit of 59128185?
1
What is the ten millions digit of 194787618?
9
What is the hundred thousands digit of 67856422?
8
What is the tens digit of 461460648?
4
What is the ten millions digit of 194953378?
9
What i